 3*x. What is the highest common divisor of s and t?
4
Let c be 2 + (-8 - 3) - -3. Let q be c/2 + (18 - -5). Suppose -4*g = -2*g - q. Calculate the greatest common factor of g and 110.
10
Suppose -5*g + 5*j - 25 = 0, 0*g - 10 = -g - 4*j. Let q be (-2 - (g + (29 - 2)))*-1. What is the highest common factor of q and 243?
27
Suppose -4*p + 4*l = -284, l = -4*l + 15. What is the greatest common factor of p and 296?
74
Suppose 50 - 41 = -3*m. Let j be (-1 - m) + 0 - 1 - -84. Calculate the highest common factor of j and 17.
17
Let t = 167 - 97. Let a be (100/3 - 5) + 1/(-3). Calculate the greatest common factor of t and a.
14
Let n(c) be the third derivative of 5*c**4/24 + c**3/3 - 10*c**2. Let t be n(11). What is the greatest common divisor of 38 and t?
19
Let x = 281 - 275. Let c = -9 - -15. What is the greatest common factor of c and x?
6
Let s(m) = -m**2 - 11*m - 6. Let p be s(-2). Let o be 3/(-12) + 290/8. What is the highest common divisor of o and p?
12
Suppose 2*j + 2*d = 35 + 7, -5*d - 9 = -j. Suppose 0 = -h + 23 + 15. What is the greatest common factor of j and h?
19
Let f = -4387 + 4473. Let h(b) = -8*b + 3. Let z be h(-5). What is the highest common divisor of z and f?
43
Suppose 0 = 4*z - z + 3. Let m be (14 - (1 + z)) + 2. Let k(f) = 2*f + 4. Let b be k(-1). What is the greatest common divisor of b and m?
2
Let l = 82 - 58. Let x be (-102)/24*(-21 - -1). Let o = -49 + x. Calculate the highest common divisor of o and l.
12
Let s be 2038/14 - (-232)/(-406). Calculate the highest common factor of s and 87.
29
Let z be 7/105*25*3. What is the greatest common factor of z and 215?
5
Suppose 10*w - 918 = 122. Calculate the highest common factor of w and 16.
8
Let c = -14 + 21. Let r be c/(3/44 - 12/(-66)). Suppose 0 = -2*n + 3*f + 99, n + 2*n = 3*f + 141. Calculate the greatest common divisor of n and r.
14
Suppose -2*y = -413 - 29. Calculate the highest common factor of y and 104.
13
Let i(b) = -4*b**2 - 4*b - 4. Let g be i(-3). Let s = g + 32. Suppose -48 = -4*t - s*h, 2*h - 59 = -5*t - 2*h. Calculate the greatest common factor of t and 11.
11
Let d be 3 - -5*((-26)/10 - -3). Suppose 5*u - 2*u = -5*l + 42, 4*l + d*u = 31. What is the greatest common factor of l and 63?
9
Let t(l) = -4*l**2 - 5*l + 6. Let z(c) = 9*c**2 + 10*c - 12. Let u(w) = -7*t(w) - 3*z(w). Let s be u(-8). What is the greatest common divisor of s and 45?
9
Let h = 2 + 1. Suppose -2*w = -2*s - 192, -9*s = 4*w - 7*s - 402. Suppose 0 = 37*n - 34*n - w. Calculate the highest common divisor of h and n.
3
Suppose 8*g - 21*g + 182 = 0. Calculate the highest common factor of g and 266.
14
Suppose 4*d + 2*w - 16 = 0, -2*d - 6 + 2 = -5*w. Let o be (8/22)/((-378)/(-2079)). What is the highest common divisor of d and o?
1
Suppose 0 = 10*a + 105 - 585. What is the highest common divisor of 96 and a?
48
Suppose -15*t = 3*t - 1800. What is the greatest common divisor of 1900 and t?
100
Let f(y) = y**2 + 5*y + 4. Let h = -9 - -4. Let r be f(h). What is the highest common divisor of r and 44?
4
Let i = -858 - -867. What is the highest common divisor of 15 and i?
3
Let c be 61*(-7)/(-49)*7. Calculate the greatest common divisor of c and 305.
61
Let n be ((-2)/(-6))/((-4)/(-1284)). Suppose 196 = -4*p + 5*t, 6*t = 2*p + 4*t + 96. Let o = n + p. What is the highest common factor of 21 and o?
21
Suppose -5*i + 617 = 2*b - 93, b - 715 = -5*i. Calculate the greatest common divisor of i and 768.
48
Suppose 8*m - 18 = -2*k + 6*m, 0 = 5*k - 4*m. Suppose c + 4 = 4*n, 0 = -c - 2*n + 11 - 3. Calculate the highest common divisor of k and c.
4
Let w = 47 - -107. What is the highest common factor of w and 44?
22
Let q(o) = -5*o - 19. Suppose 4*f + 4*g = 3*f + 1, 0 = 2*f + 2*g + 16. Let k be q(f). Calculate the highest common factor of 4 and k.
4
Let m be (-5 + (-104)/39)*-6. Calculate the highest common factor of m and 713.
23
Let h = 501 - 321. Suppose -7*i + 12*i - 50 = 0. Calculate the greatest common factor of h and i.
10
Let u be -3 - (-104 + -2 - (27 + -22)). What is the greatest common factor of 297 and u?
27
Let a(f) = -f**2 - 9*f - 6. Let y be a(-8). Let c = 667 + -664. Calculate the greatest common divisor of y and c.
1
Suppose -w + 2*t + 1 = 0, -5*w + 11 + 9 = -5*t. Calculate the greatest common factor of 273 and w.
7
Suppose -14*m + 52 = 10. What is the highest common factor of 57 and m?
3
Suppose k = -3*m + 38, 0*m + 3*m = -6. Calculate the greatest common divisor of k and 77.
11
Suppose 0*k = 3*k + 12. Let b be 1 - (k - (1 + -5)). Calculate the highest common divisor of 11 and b.
1
Let n = 947 - 943. Calculate the greatest common divisor of n and 596.
4
Suppose 19*h - 8*h - 231 = 0. Let y be (30/4)/(-5)*(-196)/h. What is the greatest common divisor of y and 35?
7
Let v = 143 + -45. Let x be (58 - -2)/4 - 1. Calculate the highest common divisor of x and v.
14
Let w = 5 - -72. Let i be (-5)/(15/22)*(-135)/30. What is the greatest common factor of i and w?
11
Let s be 2 + 168 - (-24 - -26). Suppose -5*f + 15 = -90. Calculate the highest common factor of f and s.
21
Let z be (-9)/(-21) + (-34)/14. Let t(b) = 29*b**2 + 4. Let i be t(z). What is the highest common factor of i and 40?
40
Let c = 608 - 586. Suppose 0 = n - b - 6, n = -3*b + 1 - 3. Suppose -z + 0*z + c = 3*t, -2*z + n*t = 6. What is the greatest common factor of 28 and z?
7
Let v = -508 - -524. Calculate the greatest common divisor of v and 560.
16
Let u be (-576)/(-120)*10/4. What is the greatest common factor of 120 and u?
12
Suppose -5*k + 392 = -3*o + 334, -k = 4*o - 7. What is the greatest common factor of k and 11?
11
Let d = -20 + 16. Let n(s) = 6*s**2 + 5*s - 4. Let q be n(d). Let a = 11 - 2. What is the highest common divisor of a and q?
9
Let z(u) = -5*u**3 - u**2 - u - 11. Let a be z(-5). Suppose -j + a = 8*j. Calculate the greatest common divisor of j and 6.
6
Let q(y) = -y**3 + 20*y**2 + 25*y - 32. Let g be q(20). What is the highest common factor of 13 and g?
13
Let p be 118*(12/(-8) + 2). Suppose 0 = -5*o - 4*l + p, -10 = -2*o + 2*l - 7*l. Calculate the highest common divisor of 15 and o.
15
Suppose 0 = 8*n - 157 - 611. What is the highest common factor of 12 and n?
12
Let y = -37 + 85. Suppose -4*u + u - 4*m + 36 = 0, -4*u = -m - y. Let c be (-176)/(-56) - (-2)/(-14). Calculate the greatest common divisor of u and c.
3
Let x = 3 + 1. Suppose -y - 1980 = -x*y. What is the highest common factor of y and 60?
60
Let c(y) = 2*y**2 - 5*y + 4. Let l be c(4). Let g = 65 + -57. Calculate the greatest common factor of g and l.
8
Suppose 11*r - 66 = -0*r. What is the greatest common divisor of 8 and r?
2
Let w(q) = -28*q**3 + q + 1. Suppose -s - 80 + 79 = 0. Let m be w(s). What is the highest common factor of 112 and m?
28
Let g = -540 - -550. Calculate the greatest common factor of 230 and g.
10
Let a(m) = -m**3 - 46*m**2 + 148*m + 91. Let l be a(-49). What is the highest common divisor of 196 and l?
14
Suppose -x - 4*g + 20 = 0, 2*g = x + 3 + 1. Suppose -5*c = -5*o + 11 + x, 2*o = -5*c + 13. Calculate the highest common factor of c and 1.
1
Suppose 3*t + 3*f - 4 = 20, -4*f = 0. What is the highest common divisor of t and 156?
4
Let a = -12 - -7. Let n(g) = g**3 + 7*g**2 + 7*g - 10. Let k be n(a). What is the greatest common divisor of 55 and k?
5
Suppose -9*g - 13530 = -13800. What is the highest common divisor of g and 380?
10
Let j be (-2)/(-1)*(-2 - -4)*16. What is the highest common divisor of 224 and j?
32
Suppose t - 68 = -28. Let b = 16 + t. What is the greatest common factor of 14 and b?
14
Let s(i) = -i**3 + 11*i**2 - i + 9. Let d be s(9). Suppose -5*x + d = 3*a, 5*x - 154 + 8 = a. What is the greatest common divisor of x and 15?
15
Let a = 7 - -13. Let q be 1 - -211 - (-3)/1. Let z = q - 35. Calculate the greatest common divisor of z and a.
20
Let y = -134 + 162. What is the greatest common factor of 112 and y?
28
Let k(q) = q**3 + 9*q**2 - 12*q - 10. Let o be k(-10). Suppose 3*h = 4*z - 157, -4*z - 198 = -9*z + 2*h. Calculate the highest common divisor of z and o.
10
Let q be (-2)/(((-8)/(-36))/(-2)*2). Let j be (-2)/(-6) - (-402)/q. What is the greatest common divisor of j and 18?
9
Let s(d) = -d**3 - 10*d**2 - 16*d + 17. Let a be s(-8). What is the greatest common divisor of 34 and a?
17
Let y be 0 + 0 + 16 